late the remainder when (15/5)/(u - -2) is divided by 2.
1
Let k(w) = -5*w - 7. Let t be k(7). What is the remainder when (-2 - t)/4 - -3 is divided by 8?
5
Let b = -3 + 6. Let v(a) = 0*a**2 + a**b + 3*a + 5*a**2 - 5*a**2 - 1. What is the remainder when v(2) is divided by 7?
6
Suppose 0 = t - 0 - 2. Let a = -1 + t. Let m = 1 - -1. Calculate the remainder when m is divided by a.
0
Suppose 0*a + 110 = 5*g - 2*a, 66 = 3*g - a. Let o = 10 + -2. What is the remainder when g is divided by o?
6
Suppose -29 = -5*n - u, -11 = n - 3*u - u. Suppose 2*z - c = -3 + 4, n*c - 5 = 0. Calculate the remainder when -2 + z - (6 + -35) is divided by 10.
8
Suppose -98 = -5*t - q + 2, -40 = -2*t + 5*q. Let l(s) = s**2 - 3*s - 7. Let a = -1 + 7. Calculate the remainder when t is divided by l(a).
9
Let o be -3 + 6/1 - -2. Suppose z = -3*i + 41, o*z + 3*i - 150 = -i. Calculate the remainder when z is divided by 7.
5
Calculate the remainder when 123 is divided by 4 - 1*-27*1.
30
Suppose 2*o = -2*y - 0*o + 58, 5*o + 10 = 0. Let m(a) = -1 + 2*a + y*a + 0. What is the remainder when m(1) is divided by 11?
10
Let g(u) = -3*u - 25. Let m(d) = -2*d - 13. Let p(t) = 6*g(t) - 11*m(t). Calculate the remainder when 49 is divided by p(8).
24
Let f(t) = -t**2 + 7*t - 3. Let d be f(6). Suppose 2*o + g + 39 = 4*o, d = 3*g. Let i = 42 - 31. What is the remainder when o is divided by i?
9
Suppose -6*b + 5*z = -3*b - 16, 0 = 2*b - 2*z - 12. Let p = -61 - -122. Let i = -34 + p. Calculate the remainder when i is divided by b.
6
Let f(q) = q**3 - 5*q**2 - 5*q - 6. Let j be f(6). Suppose j*n = 5*n - 160. What is the remainder when n is divided by 17?
15
Let w(k) = -k - 6. Let n be w(-8). Suppose -3*j - 2 = -5*t + 11, 5*j - n*t = -9. Let f(b) = 4*b**2 + b + 1. Calculate the remainder when f(j) is divided by 2.
0
Calculate the remainder when (-148)/(-5) - (-4)/10 is divided by 8.
6
Suppose 2*w - 32 = -2*w. Suppose -3*s - s = -w. Let b = s + 20. Calculate the remainder when b is divided by 12.
10
Let r(y) = -4*y - 7. Calculate the remainder when 64 is divided by r(-5).
12
Let f(i) = 3*i**2 + 4*i + 1. Let u(m) = m**2 + m. Let c(d) = -f(d) + 4*u(d). What is the remainder when (-4)/(-10) + (-552)/(-20) is divided by c(4)?
13
Let n = -48 - -29. Let v = n + 72. Calculate the remainder when v is divided by 14.
11
Let v(i) = 3*i - 14. Let p(h) = -h**2 + 6*h + 7. What is the remainder when v(9) is divided by p(6)?
6
Let u = -46 + 83. What is the remainder when u is divided by 10?
7
Let r be (5/(-2))/((-6)/72). Let h = r + -4. Let s = 35 + -21. What is the remainder when h is divided by s?
12
Let f(d) = d**3 - 3*d**2 - 8*d + 7. What is the remainder when f(5) is divided by 3/(-6) - (-21)/2?
7
Let c(g) = g**2 - 5*g. Let i be c(6). Let u = i - 2. Suppose -u*o = 12, 5*a = 2*a + o + 33. Calculate the remainder when 19 is divided by a.
9
Let g(v) = -3*v**3 + 3*v**2 - v - 5. Let m(s) = 16*s**3 - 16*s**2 + 6*s + 25. Let l(t) = -11*g(t) - 2*m(t). What is the remainder when 9 is divided by l(0)?
4
Suppose y + 2 = 4*b + 6*y, 4*y = -3*b + 1. Calculate the remainder when 10 is divided by b.
1
Suppose 7*z = 102 + 157. Calculate the remainder when 108 is divided by z.
34
Let o(m) = -2*m + 6. Let w be o(-5). What is the remainder when (w/10)/(2/20) is divided by 9?
7
Let h(s) = 11*s**3 + s**2 - s. Let v(w) = -w**3 + 8*w**2 + w - 6. Let y be v(8). Suppose y*l - 4 = -2*l. What is the remainder when h(l) is divided by 6?
5
Let r(n) = -n**2 + 9*n. Suppose -2*g = 5*f - 184, -f = -2*g - 22 - 22. Calculate the remainder when f is divided by r(4).
18
Let s(t) = t - 8. Let f be s(8). Suppose a - 2*b = 3*b + 12, -5*a - 3*b + 32 = f. Calculate the remainder when 26 is divided by a.
5
Calculate the remainder when 25 is divided by 3/6 - 34/(-4).
7
Let a(s) = 2*s**2 + 3*s. Let h be a(-3). Let w = h + 14. Calculate the remainder when 67 is divided by w.
21
Let i(d) = -d**2 + 11. Let l be i(0). Let j = -2 + l. Calculate the remainder when 35 is divided by j.
8
Suppose 2*q - 5*m - 50 - 48 = 0, -5*q + 260 = -5*m. Suppose 4*r = q - 6. What is the remainder when 34 is divided by r?
10
What is the remainder when ((-22)/8)/1*-8 is divided by 12?
10
Let b(p) = 23*p**2 - 1. Suppose -5*x + 1 = -4. Calculate the remainder when b(x) is divided by (-2)/(-3) + 68/6.
10
Calculate the remainder when 47 is divided by (-3 - -11)*3/4.
5
Let u = 7 - -15. Let v(s) = s**2 + 4*s - 6. Calculate the remainder when u is divided by v(-6).
4
Suppose 6*w = w + 30. Suppose -w*m + 2*m + 12 = 4*d, 4*m = 5*d + 3. Suppose 2*l = -m*o + 34, -2*l + 2 = -5*o + 3. What is the remainder when 23 is divided by l?
11
Let a be ((-10)/3)/(-5)*6. Suppose 2*z - 3*u + 1 = 3*z, 2*u = -a*z + 44. What is the remainder when 36 is divided by z?
10
Let p(m) = m**3 - 3*m**2 + 4*m + 7. Let j be p(5). Suppose 17 = -4*q + j. Let n = -1 + 9. What is the remainder when q is divided by n?
7
Let k = -35 + 55. Suppose -2*q + 8 = 0, -4*u + 16 = -2*q + q. Suppose 79 - 24 = u*y. Calculate the remainder when k is divided by y.
9
Calculate the remainder when 9 is divided by (-6)/(-9)*(-60)/(-8).
4
Suppose -3*o = -18 + 6, -5*v + o = -81. Calculate the remainder when v is divided by 9.
8
Let l = 9 - -7. Suppose -3*o = -d + 2*o + l, -4*d = -4*o - 80. Calculate the remainder when 40 is divided by d.
19
Let b(p) = -4*p - 1. Let q be b(-2). Let d = 8 - q. What is the remainder when d is divided by 1?
0
Let z be 6/21 - 502/(-7). Let h = z - 35. Suppose 9 = -3*d + 66. What is the remainder when h is divided by d?
18
Suppose -2*r + 3 + 7 = 0. Suppose r*y = -16 + 46. Calculate the remainder when y is divided by 4.
2
Suppose 20 = 7*h - 2*h. Suppose -y + 4 = -6. What is the remainder when y is divided by h?
2
Suppose -1 = t + 5*o + 14, 2*o = -8. Suppose -4 + 16 = -4*b - 5*h, 0 = -3*b - 4*h - 10. Calculate the remainder when t is divided by b.
1
Suppose -2*l + 241 = 3*l - 4*u, -4*u - 151 = -3*l. What is the remainder when l is divided by 5?
0
Let n be (76/1 - 1)*5. Calculate the remainder when n/9 + (-2)/(-6) is divided by 22.
20
Suppose 3*j + n = 5*n - 2, -5*n + 13 = -2*j. Suppose -4*b = -5*y + 36, y - 4*b - 24 = -y. Calculate the remainder when (-2)/y - 33/(-2) is divided by j.
4
Suppose -h + 5 = 4*h. Let o = h + 6. Calculate the remainder when 18 is divided by o.
4
Calculate the remainder when 4/10 - 143/(-5) is divided by (-112)/(-7) + (-4)/4.
14
Let m(j) = -j**2 - 5*j + 1. Let o be m(4). Let p = -19 - o. What is the remainder when p is divided by 9?
7
Let f(i) = 8*i - 17. Calculate the remainder when f(4) is divided by 3.
0
Let n(b) = b**3 - 4*b**2 - b + 1. Let c be n(2). Let a(l) = 9*l. Calculate the remainder when a(2) is divided by (-15)/2*12/c.
8
Let q(p) = p**3 + 8*p**2 + 6*p + 13. Calculate the remainder when 37 is divided by q(-7).
17
Suppose -5*h = -3*h + 3*p - 33, 2*p = -4*h + 46. What is the remainder when 42 is divided by h?
6
Let u(a) = a**3 - 9*a**2 + 9*a + 7. Suppose -r - 4 = -0*r, -4*h + r + 112 = 0. What is the remainder when h is divided by u(8)?
12
Let n = -5 + 2. Suppose -v = v - 4. What is the remainder when 0 - (1 - (7 + n)) is divided by v?
1
Let a = -196 - -322. Calculate the remainder when a is divided by 16.
14
Let n(t) = -t**2 - 10*t + 10. Calculate the remainder when n(-7) is divided by 12.
7
Calculate the remainder when (-3 - -4 - 4) + 47 is divided by 9.
8
Let d be -17 + 0 + (-3 - -2). Let k = -11 - d. Calculate the remainder when k is divided by 2.
1
Suppose -3*x = -5*m - 364, -5*m + 206 = 2*x - m. Calculate the remainder when x is divided by 58.
55
Let c = 19 - 13. Calculate the remainder when 15 is divided by c.
3
Let k = 11 + -136. Let m = k + 80. Calculate the remainder when 29 is divided by ((-6)/9)/(3/m).
9
Let t(i) = -i**3 + 4*i**2 + 9*i + 6. Let d be t(7). Calculate the remainder when 17 is divided by d/(-8) - (-3)/12.
7
Suppose -o = -4*o - 18. What is the remainder when 17 is divided by (2/1)/((-2)/o)?
5
What is the remainder when 1868/18 + (-16)/(-72) is divided by 18?
14
Suppose -3*n = -2*n - 14. Let l = 14 - -2. Let i = 10 + l. What is the remainder when i is divided by n?
12
Suppose -291 = 2*y - 5*y. Suppose 5*h = 15, -d - 4*d + h + y = 0. What is the remainder when d is divided by 11?
9
Calculate the remainder when 10 - -19 - (-6)/(-3) is divided by 7.
6
Sup